3*v**2 + v + 0*v**3 + 4*v**2 + 7*v**3 - 6*v**z. Determine d(-2).
-8
Let j(c) = -c**3 - 5*c**2 + c + 9. Let s be j(-5). Let r(o) = 4*o - 17. Determine r(s).
-1
Let t(v) = v**2 + v**2 + 1 - 9*v**3 - v - 3*v**2. Give t(1).
-10
Let h be (-4)/10 - (-24)/(-40). Let u = 1 - h. Let w(s) be the second derivative of -s**3/6 + 2*s. Give w(u).
-2
Let b(w) be the third derivative of -w**5/60 - 11*w**4/24 + 4*w**3/3 - 2*w**2 - 15. What is b(-11)?
8
Let i(y) = -14*y**3 - 23*y**2 - 25*y + 9. Let f(r) = -5*r**3 - 8*r**2 - 9*r + 3. Let t(a) = 11*f(a) - 4*i(a). Determine t(-2).
3
Let l(n) be the third derivative of n**6/360 - n**5/60 - n**4/8 - 2*n**3 - 15*n**2. Let r(o) be the first derivative of l(o). Calculate r(4).
5
Let b = -786 - -781. Let z(p) = p**3 + 5*p**2 - p - 1. What is z(b)?
4
Suppose -5*v = -x + 25, -v + 11 = -0*v + 3*x. Let y(t) = 3*t**2 - 111726 + t**3 - 5*t + t + 111724. What is y(v)?
-2
Let z(r) be the first derivative of r**4/4 + 2*r**3 + r**2 - 7*r - 1. What is z(-5)?
8
Let w(i) = 2*i - 9. Let p be 8/18*81/18. Let a be (3/(-9))/(p/(-42)). Give w(a).
5
Let b = 1 - -1. Let n be 0/b*(1 + 0). Let m(f) be the second derivative of f**4/12 - f**3/6 + 3*f**2 + 39*f. Determine m(n).
6
Let m(p) = -p**2 - 27*p + 57. Let s be m(-29). Let v(a) be the first derivative of 0*a + 1/2*a**2 + 4/3*a**3 - 1. Give v(s).
3
Let p(z) = z**2 + z + 2. Suppose 21 = 2*t - t. Let f = 17 - t. Determine p(f).
14
Let l(r) be the second derivative of r**3/6 - 9*r**2/2 + 59*r. Let x(k) = -k**3 - k + 11. Let b be x(0). Calculate l(b).
2
Let i(a) be the first derivative of a**4/4 - 5*a**3/3 + 3*a**2/2 + 6*a + 32. What is i(5)?
21
Let c(i) = -12*i - 2. Let x = -783 + 786. Calculate c(x).
-38
Let o(c) = 2*c**3 - 4 + 3*c**2 - c**3 - 2*c**3 + 3*c. Let n(b) = b**2 - 6*b. Let j be n(6). Suppose j = 3*y - 9. Give o(y).
5
Let o = -155 - -158. Let w(l) = 17 - 29 - 5*l + 14. What is w(o)?
-13
Suppose -14 = 2*p - 4*p. Let w(t) = 7*t**2 - 4*t - 12. Let i(d) = 8*d**2 - 4*d - 13. Let s(x) = p*w(x) - 6*i(x). Calculate s(6).
6
Let m(j) = -j - 2. Let w be m(-5). Let i be (w - 4)/(2/(-6)). Let d(q) be the first derivative of q**3/3 - 3*q + 12. Determine d(i).
6
Let l(f) = 6*f**2 - 3*f - 2. Let g(n) = -7*n**2 + 3*n + 2. Let i(m) = 5*g(m) + 6*l(m). Suppose 4*j + 11*c - 4 = 15*c, 27 = -6*j - 5*c. Calculate i(j).
8
Suppose 0 = -5*o + 14 + 26. Suppose 4*h + 0*h = -4*n, 4*h - 3*n - 14 = 0. Let k = o - h. Let p(a) = -a**3 + 6*a**2 + 3*a - 9. Give p(k).
9
Let f be -3 + 3 + (0 - -1). Let b(k) = -4 + 4*k**2 + 6 + 2*k - 3 - k**2. Determine b(f).
4
Let w(i) = i - 24. Let a(r) = -6*r + 118. Let b(m) = 2*a(m) + 11*w(m). What is b(-13)?
-15
Let q(z) be the first derivative of z**3/3 - 7*z**2/2 + 16*z - 485. Give q(5).
6
Let r be (-3 - -6) + -3 + 6. Let z(d) be the second derivative of d**5/20 - 5*d**4/12 - 7*d**3/6 + 28*d. Calculate z(r).
-6
Suppose -5*d + 28 = 2*y, 8 = 4*y - 2*y. Let k(f) = -d - 4 + f + 8. Calculate k(-1).
-1
Let r(p) = p**2 + 4*p + 2. Let q be r(-4). Let c(w) = -w + 6. Let k be c(q). Let b(m) = -2*m**2 + m**2 - k + 0. What is b(-3)?
-13
Let w be 4/14 - (-3140)/35. Suppose 0 = -4*b + 2*b + 3*i + 21, -5*i + w = 5*b. Let v be ((-6)/(-5))/(b/50). Let k(q) = q**3 - 3*q**2 - 3*q - 2. What is k(v)?
2
Let n(o) be the third derivative of 3*o**5/20 + o**4/24 + o**3/6 - o**2. Let z = 2 + -6. Let i(f) = -4*f - 17. Let a be i(z). Calculate n(a).
9
Let t(p) = p**2 + 14*p + 29. Suppose 0 = -5*x + 125 - 185. Calculate t(x).
5
Let x = -3599 - -3592. Let i(q) be the first derivative of q**3/3 + 2*q**2 - 9*q + 2. Calculate i(x).
12
Suppose -3*g = 3*f - 6*g + 138, -g = 0. Let l = -51 - f. Let x(b) = -2*b**2 - 7*b. Determine x(l).
-15
Let f(w) = w**2 - 5*w. Let z be f(5). Let b(u) = -4 + 0 + 3 + z - 7*u. Suppose a = 4*h + 21, h = -3*a - 4*h - 22. What is b(a)?
-8
Let y(i) = -i**2 - 9*i + 27. Let h(j) = -j**2 - 9*j + 25. Let d(m) = 5*h(m) - 4*y(m). Determine d(-10).
7
Let x(o) = -51*o - 5 + 48*o + 0. Give x(-6).
13
Suppose -91 + 79 = 6*v. Let c(g) = -2*g**3 - g**2 + 2*g + 2. Calculate c(v).
10
Suppose 0 = -5*o + 12*o - 14. Let r(k) = k + 2. Give r(o).
4
Let k(p) = -p**3 + 12*p**2 - 11*p - 6. Let n(m) = -m**3 + 19*m**2 + m - 8. Let z be n(19). Let h be k(z). Let t(r) = r**3 + 7*r**2 + 6*r + 2. Determine t(h).
2
Let x = -3 - 0. Let l(j) = -9*j**3 - 10*j**2 - 4*j. Let m(a) = -29*a**3 - 32*a**2 - 13*a. Let y(r) = -13*l(r) + 4*m(r). What is y(x)?
-9
Let x(o) = 3*o**2 - 142. Let g be x(7). Let z(v) = -v**2 + 11*v - 27. Determine z(g).
3
Let n(h) = -h**2 - h. Let u(i) = 7*i**2 + 5*i - 11. Let m(r) = 6*n(r) + u(r). Give m(0).
-11
Let i(u) = u**3 + 6*u**2 + 5*u - 3. Let l be (3 + 2)*16/20. Suppose 0 = -3*s + 2*s + l. Suppose -6*k + 3*k = -s*x + 31, 12 = 3*x. Determine i(k).
-3
Let n(j) be the third derivative of -j**4/24 + 4*j**3/3 + 4*j**2 + 10. Determine n(5).
3
Let r(j) be the first derivative of -j**2/2 - 17*j - 64. What is r(-16)?
-1
Suppose 5*s - 32 = s. Let b(v) = -20*v**2 + 13*v - 44. Let u(j) = -7*j**2 + 4*j - 15. Let m(w) = -6*b(w) + 17*u(w). Give m(s).
-7
Suppose -4*b = 4*q - 23 - 17, -2*b - q = -19. Let u = 15 - b. Let d(p) = -3*p - 12. Let k(i) = i + 1. Let s(r) = -d(r) - 4*k(r). Give s(u).
2
Let h be (-16)/72 - 74/(-9). Suppose -h*o + 4*o - 20 = 0. Let b(g) = -g - 6. Determine b(o).
-1
Suppose -3*i + 20 = 2*i. Suppose 4*d + 1 + i = -3*g, -d - 5*g - 14 = 0. Suppose 2*f - 7 + d = 0. Let h(a) = 3*a - 4. Calculate h(f).
5
Suppose 4*o - 3*p = 20, 5*o - 3*p + p = 25. Let k(q) = -2*q - 1 - o + 5*q. Give k(4).
6
Let f(r) = 13*r**2 - 15*r - 12. Let o(x) = 15*x**2 - 17*x - 13. Let h(y) = 7*f(y) - 6*o(y). Determine h(9).
48
Let t(b) = b - 6. Let i(q) = -3*q + 11. Let x(c) = 2*i(c) + 5*t(c). Suppose 10*s - 5*o = 6*s + 5, 3*s - 4 = 4*o. Calculate x(s).
-8
Let a(d) = -d**2 - d + 4. Suppose -3*u + 3*o + 85 = 94, 0 = -2*u - o + 3. Calculate a(u).
4
Let h(r) = -3*r**2 - r**2 + 4*r**2 + 7 + 13*r**2 + r**3 + 7*r - 6*r**2. What is h(-6)?
1
Let f(z) = 4*z + 2. Suppose -4*s + 2 + 10 = 0. Let y = 1 - 0. Let i be y/s + (-10)/3. Determine f(i).
-10
Let h(k) = 2*k + 5. Suppose -5*c + 10 = 0, 2*c + 1 + 1 = -3*i. Determine h(i).
1
Let n(t) = -7*t**2 + 15*t + 8. Let i(w) = -3*w**2 + 7*w + 4. Let p(s) = 5*i(s) - 2*n(s). Calculate p(6).
-2
Let g(m) = -m + 1. Let y be (-6)/24 + (-52)/(-16). Calculate g(y).
-2
Let j(w) = -5*w - 7 + 4*w + 0*w. Let m be (-152)/10 - 2/(-10). Let u = m - -10. Give j(u).
-2
Let a(k) = 0 + 3*k - 4 - 10 + 10. Suppose 3*b - 12 = 4*s - 2*b, -3 = s + 5*b. Determine a(s).
-13
Let u be (-9)/(4 - 4 - -1). Let p be 2/u - 14/18. Let t(s) = -5*s**3 - s**2 - s. Determine t(p).
5
Let v(h) = h - 1. Let m = -3 - -5. Suppose 7*g = m*g - 5. Let u(s) = 5*s - 8. Let t(i) = g*u(i) + 4*v(i). What is t(-5)?
9
Let w(q) = q**2 + 8*q + 1. Suppose 2*a + x = 3, -1 = 5*a - 3*x - 25. Let o(h) = h**2 + h - 2. Let z be o(4). Suppose 0 = -a*p - z. Determine w(p).
-11
Let d(f) = -f**3 - 7*f**2 + 2*f - 13. Let l be d(-8). Suppose -l - 1 = -9*i. Let t(o) = -2 + o**2 - 2*o - o + 0*o**2. Give t(i).
2
Let z = 431 + -432. Let j(a) be the second derivative of a**5/4 - a**4/12 - a**3/3 - a**2/2 + a. Give j(z).
-5
Suppose 2*b = 5*p - 18, 0*p - p - 4*b = 14. Let d(t) = t**2 - 3. Determine d(p).
1
Let d(p) = 2 - 3*p + p + p**2 + 7*p - p. Suppose v = -o + 15, -2*o + 5*o - 9 = 0. Suppose 2*k = -2*k - v. Determine d(k).
-1
Let u(d) = 31*d + 19. Let j(i) = -5*i - 3. Let b(c) = 39*j(c) + 6*u(c). Let p = 10 + -12. Give b(p).
15
Suppose -43*v - 262 = 82. Let j(q) = -2*q - 3*q + q**3 + 7*q**2 - 3*q. Calculate j(v).
0
Let h(c) = -c**3 + 2*c**2 - 1. Let y be h(-1). Let d(o) = -2*o - 7*o**2 + 2*o**3 + 13*o**y - 7*o**2 - 1. Give d(2).
7
Let l(c) = -3*c - 3. Let r(k) = -k + 1. Let b be r(-1). Let z = b - -1. Suppose t - z = -0. Calculate l(t).
-12
Let o(w) be the first derivative of 3*w**4/2 - w**3/3 - w**2 - w - 1. Let x = -1380 + 1379. Give o(x).
-6
Let y be (3/(-9))/((-2)/(-6)). Let i(j) = -j - 16 + 29 - 13. Determine i(y).
1
Let t(v) = -v**2 + 5*v. Suppose 3*s - 9 = 0, -6*q + q + s - 138 = 0. Let p be (30/9)/((-6)/q). Suppose -p = -6*c + 3*c. Calculate t(c).
0
Let u be 8/4*(2 + 0). Let m be ((-30)/u)/5*2. Let h(q) = q**2 - 2. What is h(m)?
7
Let l = 978 - 972. Suppose 3 = -4*r + 7. Let z(u) = -4*u - 5 + l + 1 + r. Give z(2).
-5
Suppose 38 = -18*p - 70. Let r(